 - 134 = 636. What is the remainder when 221/5 + (-22)/u is divided by 12?
8
Suppose q - 5*g = 215, 2*g = -2 - 8. Let z = -114 + q. Calculate the remainder when z is divided by 11.
10
Let u(l) = -l**3 + l**2 + l + 3. Let y = -5 + 5. Let a be u(y). Suppose -a*t + t = -116. What is the remainder when t is divided by 20?
18
Suppose -3*v - 46 = -2*i, -2*i - i + 95 = 2*v. Calculate the remainder when (-1)/(4 - 117/i) is divided by 20.
9
Suppose -4*s - 38 + 110 = 0. Suppose -3*i + 16 = 4*d - 37, d - 4*i = s. What is the remainder when 95 is divided by d?
11
Let r = 44 + -38. Let a(v) = v**2 - 9*v + 26. Calculate the remainder when 31 is divided by a(r).
7
Suppose -186 + 266 = 16*h. What is the remainder when h is divided by 1?
0
Suppose 5*q = -9*r + 7*r + 163, -q = -r + 64. Let s = -23 - -32. What is the remainder when r is divided by s?
6
Suppose 0 = 20*x + 128 - 848. What is the remainder when 77 is divided by x?
5
Suppose -5 = -15*r + 16*r. Let m(x) = x**2 + 2*x - 1. Suppose -2*c - 25 = -3*c. What is the remainder when c is divided by m(r)?
11
Let c = -30 - -27. Let f(m) = -m**3 + 5*m. What is the remainder when 33 is divided by f(c)?
9
Let r be ((-81)/12)/(2/(-8)). Let s = 91 + -73. Calculate the remainder when 1332/r - (-4)/6 is divided by s.
14
Suppose 2*r = -4*o + 10, 5*r + o - 43 = -0. Let j be -3 - (-19 - (2 - 4)). Calculate the remainder when 36/j*168/18 is divided by r.
6
What is the remainder when 1/(-30)*-2855 - (-1)/(-6) is divided by 46?
3
Let c(t) = 2*t**2 - 38*t - 70. What is the remainder when 306 is divided by c(21)?
12
Let b = 6 - -1. Let x(i) = 7*i**3 - 9*i**2 - 3. Let j(d) = 3*d**3 - 5*d**2 - 2. Let r(z) = -5*j(z) + 3*x(z). Calculate the remainder when b is divided by r(1).
2
Let b = -727 - -742. Calculate the remainder when 140 is divided by b.
5
Suppose 5*u = 38 + 42. Suppose -r = r - u. Calculate the remainder when r is divided by (5/(-3))/(2/(-6)).
3
Let s(w) = -w**2 - 2*w - 5. Let n be s(-5). Let g = n - -25. Suppose -135 = -g*m - 0. What is the remainder when 79 is divided by m?
25
Let k(h) = 8*h. Let i be k(-1). Let u = i - -6. Let w = 11 + u. What is the remainder when 35 is divided by w?
8
Suppose 2*g + 0*g - 20 = 0. Let l(y) = y + 1. Let q be l(4). Suppose -4*a = -0*m - q*m - 16, a = m + 4. What is the remainder when g is divided by a?
2
Let y = 44 + -16. Suppose y = 5*h - 22. Calculate the remainder when 49 is divided by h.
9
Let y(d) = 3*d**2 + 5*d - 3. Let f(l) be the second derivative of l**4/12 - 5*l**3/2 + 20*l**2 - 45*l. Calculate the remainder when y(-6) is divided by f(14).
23
Let v(x) be the first derivative of x**3/3 - 7*x**2/2 + 4*x + 2. What is the remainder when 35 is divided by v(8)?
11
Suppose -3*a + 12 = 0, -5*o + a - 72 = 17. Let h = o - -24. Calculate the remainder when 60 is divided by h.
4
Suppose -132 = -2*u + 4*m, 0 = 2*u + u + 2*m - 174. What is the remainder when u is divided by 33?
27
Let s(q) = q**3 + 13*q**2 - 7*q - 160. Calculate the remainder when 102 is divided by s(-12).
34
Suppose -3*v + 193 = 163. Suppose h - 19 = 3*p, 0*p - 2*p - 57 = -3*h. What is the remainder when h is divided by v?
9
Suppose 0*s = 5*s - 125. Let n be (7/21)/((-1)/(-9)). Suppose 22 + 27 = 5*o + 4*m, 0 = o - n*m - 25. Calculate the remainder when s is divided by o.
12
Let z be 0/(4/(6/(-3))). Let d(o) = -o**2 + o + 36. What is the remainder when 106 is divided by d(z)?
34
Let j be 2/(-5) - 6944/140. Let a = j + 51. Calculate the remainder when 1 is divided by a.
0
Suppose 2*i - 12 = -24. Let h be i/(0 + -3) - -3. Let s = 15 - h. What is the remainder when 38 is divided by s?
8
Suppose -2*z - 3*x + 97 = 0, -2*x - 165 = -3*z - 0*x. What is the remainder when z is divided by 3/((-27)/2) + 384/27?
11
Suppose -12*k = 63 - 219. Calculate the remainder when k is divided by 9.
4
What is the remainder when 30 is divided by 56/9 - -2 - 4/18?
6
Suppose 0 = -i + 5*i - 12. Suppose 5*g = -i*q - 24, 2*g = g + q. Let h = 2 - g. What is the remainder when 12 is divided by h?
2
Suppose 0 = l + 3*l - 4, -5*x + 5*l = -20. Let f = 16 + x. What is the remainder when 82 is divided by f?
19
Let x(p) = 49*p**2 + p + 2. Let i be x(2). Suppose -18*j = -13*j - i. Let d = j + -23. What is the remainder when 49 is divided by d?
15
Let s(o) = 2*o**2 + 8*o - 5. What is the remainder when s(-7) is divided by (0 + 6/(-4))/((-45)/240)?
5
Let t(m) = -m**2 + 12*m + 2. Let r be t(6). Suppose 4*s - 22 = r. Suppose 4 = k - 4. What is the remainder when s is divided by k?
7
Suppose -3*f + 28 = f. Let i(y) = y**2 + 3*y - 13. What is the remainder when f is divided by i(3)?
2
Suppose 300 = 5*q - 5*k, -2*k + 3*k = -4*q + 225. Let n = 4 + 1. Suppose -12 = -n*z + 63. Calculate the remainder when q is divided by z.
12
Suppose 0 = -f - 5*r - 18, 6 = -5*f - 4*r. Let v be 22/f - (-9)/(-3). Let u(i) = 8*i - 1. Calculate the remainder when u(v) is divided by 16.
15
Let g(a) = -5*a + 220. Let f = 22 + -31. Let b = -2 - f. Calculate the remainder when g(40) is divided by b.
6
Let x(b) = -2*b + 8. Suppose 0*h = -2*r - 4*h - 12, -5*r = 5*h + 5. Let a be x(r). Suppose 168 = -a*j + 7*j. Calculate the remainder when j is divided by 9.
6
Let u = -175 + 252. Calculate the remainder when u is divided by 166/8 + (-12)/16.
17
Suppose 5*z - 4*z = 4*o + 12, -4*z = -5*o - 26. Suppose -4 = i + z. What is the remainder when i/(1/((-14)/4)) is divided by 10?
8
Let t be (-880)/(-32)*(-6 - -2). Let m be (0 + (-5)/3)*3. What is the remainder when 71 is divided by m/15 - t/6?
17
Suppose -4*s + 50 = -14. Let k(l) be the second derivative of -5*l**3/2 + 3*l**2/2 - 17*l. What is the remainder when k(-4) is divided by s?
15
Let s(b) = -22*b - 18. Let n be s(-7). Suppose 10*t = 14*t - n. Calculate the remainder when t is divided by 12.
10
Let h(x) = 5*x**2 + 4*x - 5. Calculate the remainder when 117 is divided by h(-4).
58
Let b(a) = -89*a + 541. Suppose 0 = w - 1 - 6. Let v = w - 4. What is the remainder when b(6) is divided by v?
1
Let l(x) = -x**2 - 3*x - 2. Suppose -y - 1 = 6. Let i be l(y). Calculate the remainder when 50 is divided by (i/20)/(3/(-34)).
16
Let b = -63 - -48. What is the remainder when (4 + -1)/((-3)/(-70)) is divided by 36/(-5)*b/9?
10
Suppose 0 = 17*b - 18*b + 4. Suppose -4*u + 4*o + 282 = 74, o = -b*u + 203. What is the remainder when u is divided by 18?
15
What is the remainder when (2 + 10)/6*(5 - -28) is divided by 47?
19
Let s(c) = 3*c - 10. Let n be s(5). Suppose o - n*o = -12. Suppose 4*t - 6 = -0*t - o*j, -t + 4*j = -11. What is the remainder when 9 is divided by t?
0
Let y(v) = -v**2 + 19*v - 15. Suppose -7*w = -86 - 12. What is the remainder when y(12) is divided by w?
13
Let y = -43 - -46. Suppose -v = -y*c - 30, v - 5*c - 86 = -2*v. Calculate the remainder when 132 is divided by v.
24
Let p = -693 - -694. Calculate the remainder when 26 is divided by p.
0
Suppose -1425 = -34*r + 15*r. What is the remainder when 221 is divided by r?
71
Suppose 9*l - 10 - 125 = 0. What is the remainder when l is divided by 11?
4
Let l(o) = -40*o - 8. Let n be l(-2). Suppose n = -5*w + 92. What is the remainder when 5 is divided by w?
1
Suppose -198 = -2*v - 0*v. Let h = -4082 - -4102. What is the remainder when v is divided by h?
19
Suppose 2*j = -0*j - 4*a + 202, -15 = 3*a. Calculate the remainder when j is divided by 57.
54
Suppose -4*z - 61 = -8*z + 3*i, -z + 12 = -4*i. Calculate the remainder when z is divided by 6.
4
Let v = 20 + -16. Suppose -k + 33 = v*q, 3*q + q - 45 = 3*k. Let y(r) = 3*r**2 + 2*r + 4. Calculate the remainder when y(-3) is divided by q.
7
Suppose 4*z = -3*k - 2, 5*k + 2*z = -3*z - 5. What is the remainder when 57 is divided by k/(-5) - 1095/(-75)?
12
Let c = -5 - -17. Suppose 8 = 7*z - 76. Suppose -u + 9 = -z. Calculate the remainder when u is divided by c.
9
Suppose 5*s - 4*s - 6 = 0. Suppose -j - 3*j = -152. What is the remainder when j is divided by ((-2)/s)/((-12)/468)?
12
Let s(p) = 2*p + 1. Let j be s(-1). Let t be (-26)/65*j*5. Suppose -1 = -2*v - 3, -t*v = b - 24. What is the remainder when b is divided by 14?
12
Let j(t) be the second derivative of -t**3/6 + 10*t**2 - 40*t. Let u = -7 + 12. Calculate the remainder when j(6) is divided by u.
4
Suppose -2*u + 870 = u - f, 3*u + f = 876. Calculate the remainder when u is divided by 50.
41
Ca